 27432593?
False
Does 33 divide 105531855?
True
Is 88 a factor of 66770264?
True
Is 82 a factor of 2612273901?
False
Does 16 divide 477695181?
False
Is 255 a factor of 6132138510?
True
Is 811 a factor of 39726024?
True
Does 160 divide 1485951840?
True
Does 493 divide 147507563?
False
Is 132 a factor of 238121004?
True
Is 358461828 a multiple of 2628?
True
Does 228 divide 35486938?
False
Does 2043 divide 243264268?
False
Does 25 divide 66388175?
True
Does 33 divide 285821206?
False
Is 66339451 a multiple of 23?
False
Is 824 a factor of 224736883?
False
Is 3428550 a multiple of 77?
False
Is 26 a factor of 44063575?
False
Is 1195736 a multiple of 8?
True
Is 163170315 a multiple of 77?
True
Does 249 divide 190130673?
True
Is 48 a factor of 97244880?
True
Is 52 a factor of 976281696?
True
Is 43 a factor of 7083689?
False
Is 6 a factor of 10390368?
True
Is 55 a factor of 49307720?
True
Is 6 a factor of 206736732?
True
Is 200135048 a multiple of 6?
False
Does 473 divide 1910443689?
True
Is 7 a factor of 20657609?
True
Is 705635495 a multiple of 61?
True
Does 108 divide 218041092?
True
Does 313 divide 20050780?
True
Is 49 a factor of 123924136?
True
Does 36 divide 1706519830?
False
Is 34971132 a multiple of 14?
True
Does 401 divide 378935376?
True
Is 12 a factor of 4077462413?
False
Is 6 a factor of 264090876?
True
Does 25 divide 11644537?
False
Does 727 divide 405102316?
False
Is 27 a factor of 105656724?
True
Does 5 divide 37180455?
True
Is 340979480 a multiple of 34?
False
Does 118 divide 62279338?
True
Does 6 divide 1330149?
False
Is 5214194 a multiple of 103?
False
Does 145 divide 142214695?
True
Is 656 a factor of 22764913?
False
Is 158 a factor of 5097929?
False
Is 32436489 a multiple of 45?
False
Is 3363 a factor of 5356907?
False
Does 422 divide 208440148?
True
Does 107 divide 20089566?
False
Does 18 divide 112935043?
False
Is 6 a factor of 8880246?
True
Does 87 divide 110580915?
True
Is 49 a factor of 4185192260?
False
Does 46 divide 33347193?
False
Does 25 divide 205459352?
False
Does 11 divide 42587883?
False
Is 4769198 a multiple of 9?
False
Does 8 divide 9055291?
False
Is 63389144 a multiple of 91?
True
Does 757 divide 94911146?
True
Is 130092704 a multiple of 34?
True
Does 454 divide 117244592?
True
Is 240 a factor of 4639833?
False
Is 14 a factor of 15598274?
False
Is 54260209 a multiple of 11?
False
Does 144 divide 5847120?
True
Is 31 a factor of 370970974?
False
Is 3807 a factor of 5082345?
True
Does 25 divide 57959125?
True
Is 952628690 a multiple of 8?
False
Is 252 a factor of 8947260?
True
Is 332 a factor of 77267276?
False
Does 964 divide 235564004?
True
Does 43 divide 1221755861?
True
Is 68969880 a multiple of 2835?
True
Is 16628253 a multiple of 3?
True
Does 74 divide 24294126?
True
Is 123 a factor of 771115405?
False
Is 96760522 a multiple of 5?
False
Is 17897589 a multiple of 927?
True
Does 8 divide 26723984?
True
Is 6 a factor of 1679378?
False
Does 21 divide 17451273?
True
Is 17 a factor of 57733229?
False
Does 14 divide 117765914?
True
Is 27 a factor of 1253798730?
True
Does 28 divide 80834712?
True
Does 1973 divide 29155021?
True
Does 10 divide 212590030?
True
Is 13898730 a multiple of 523?
False
Does 124 divide 5230200?
False
Does 142 divide 10443615?
False
Is 75 a factor of 1645768976?
False
Is 1258538626 a multiple of 770?
False
Does 12 divide 125636371?
False
Is 52884046 a multiple of 167?
False
Is 311 a factor of 92140592?
True
Is 9 a factor of 14522223?
False
Is 527823990 a multiple of 90?
True
Is 949 a factor of 388344159?
False
Is 22972913 a multiple of 4?
False
Is 153982256 a multiple of 20?
False
Is 27497016 a multiple of 108?
True
Is 41 a factor of 139443009?
True
Does 3 divide 248965424?
False
Is 1734812922 a multiple of 13140?
False
Is 2628398730 a multiple of 102?
True
Does 15 divide 21609855?
True
Is 443 a factor of 30691802?
False
Is 72886704 a multiple of 93?
True
Does 810 divide 28103423?
False
Does 20 divide 750489897?
False
Is 146620061 a multiple of 712?
False
Is 3518549783 a multiple of 27?
False
Does 11 divide 4840341?
True
Is 26 a factor of 734942?
True
Is 73 a factor of 3240105?
True
Does 3410 divide 874456990?
True
Is 94 a factor of 2067355?
False
Does 457 divide 38088617?
False
Is 5394 a factor of 273152160?
True
Does 101 divide 13784329?
False
Is 625504401 even?
False
Does 161 divide 1421727405?
True
Is 12851553 a multiple of 21?
False
Does 62 divide 78700072?
True
Does 158 divide 3637428?
False
Is 4609 a factor of 58912943?
False
Is 272393988 a multiple of 1521?
False
Does 32 divide 203045216?
True
Does 348 divide 796940880?
True
Is 54 a factor of 3219496857?
False
Is 103 a factor of 61405201?
True
Is 63251570 a multiple of 14?
False
Is 263535985 a multiple of 19?
True
Is 810312171 a multiple of 2599?
False
Does 113 divide 3102713812?
False
Is 16 a factor of 581939360?
True
Is 132881 a multiple of 287?
True
Is 147 a factor of 380236671?
False
Is 1968 a factor of 642007866?
False
Is 75914620 a multiple of 2770?
True
Is 545204725 a multiple of 191?
True
Is 805773006 a multiple of 297?
False
Does 5 divide 32380203?
False
Does 359 divide 80972329?
False
Does 2736 divide 204163056?
True
Is 287716698 a multiple of 1854?
True
Does 50 divide 28262211?
False
Is 221 a factor of 42202826?
False
Is 253784115 a multiple of 3?
True
Is 7 a factor of 124007416?
False
Is 36466341 a multiple of 863?
False
Is 228 a factor of 5336112?
True
Is 519404729 a multiple of 19?
True
Does 6 divide 92922468?
True
Is 2067 a factor of 699375651?
True
Is 15 a factor of 9121605?
True
Does 104 divide 50710186?
False
Is 2016 a factor of 479773728?
True
Is 303 a factor of 105094873?
False
Is 733 a factor of 39658232?
True
Is 644 a factor of 88689003?
False
Is 839 a factor of 54202881?
False
Is 4055032 a multiple of 446?
True
Does 9 divide 1065609848?
False
Is 29 a factor of 28833533?
False
Is 3 a factor of 60165?
True
Is 262881179 a multiple of 1477?
False
Is 189057131 a multiple of 19?
False
Does 969 divide 120231024?
False
Does 36 divide 40598648?
False
Is 34 a factor of 621636?
False
Is 362 a factor of 566742132?
True
Is 6446 a factor of 1740001010?
True
Is 26 a factor of 26448682?
True
Is 3173 a factor of 336680684?
True
Is 127 a factor of 21171617?
False
Does 193 divide 441714275?
True
Does 110 divide 1826000921?
False
Does 3 divide 630326?
False
Is 775 a factor of 49224900?
True
Is 344570523 a multiple of 11?
True
Is 104313258 a multiple of 51?
True
Is 35605780 a multiple of 802?
False
Is 3897 a factor of 83714514?
False
Is 14 a factor of 82332656?
True
Is 8079655 a multiple of 81?
False
Is 126173740 a multiple of 770?
True
Is 3 a factor of 216514213?
False
Is 247800 a multiple of 24?
True
Is 15246900 a multiple of 675?
True
Is 234 a factor of 17980326?
True
Is 42 a factor of 46740935?
False
Is 129686797 a multiple of 35?
False
Is 26551206 a multiple of 2?
True
Is 11 a factor of 55869660?
True
Does 212 divide 3073150258?
False
Is 13839606 a multiple of 297?
True
Is 104 a factor of 102442068?
False
Is 379 a factor of 149476530?
False
Does 13 divide 158982486?
True
Is 15 a factor of 328093379?
False
Is 354954710 a multiple of 22?
True
Is 79 a factor of 374491284?
True
Is 453380067 a multiple of 453?
True
Does 17 divide 2179826020?
True
Is 31 a factor of 2849813756?
True
Is 29329301 a multiple of 2023?
False
Does 33 divide 170181659?
False
Is 15 a factor of 2861950748?
False
Does 101 divide 756048125?
True
Does 12 divide 74618227?
False
Is 23048443 a multiple of 239?
True
Is 206 a factor of 48321284?
False
Does 314 divide 46285552?
False
Is 329140617 a multiple of 12?
False
Does 170 divide 359016710?
True
Does 59 divide 437643774?
False
Is 1423 a factor of 53373884?
True
Is 2682 a factor of 142014850?
False
Does 107 divide 27982190?
False
Is 9 a factor of 23099967?
True
Is 420417073 even?
False
Is 791 a factor of 7589078?
False
Does 3 divide 332457522?
True
Does 6 divide 409493296?
False
Is 384 a factor of 404027904?
True
Is 376 a factor of 638816480?
True
Is 541543238 a multiple of 6?
False
Is 23494859 a multiple of 3?
False
Is 277 a factor of 251589959?
True
Is 1817 a factor of 49880284?
True
Is 84605311 a multiple of 7?
True
Is 113856585 a multiple of 37?
True
Does 65 divide 322055955?
True
Does 347 divide 179750764?
F